est common factor of 2587 and 102713.
13
What is the highest common factor of 462024 and 1944?
648
What is the highest common divisor of 18834559 and 2447?
2447
What is the greatest common factor of 270708 and 136?
68
Calculate the highest common factor of 5739504 and 16.
16
Calculate the highest common factor of 9727 and 129739.
137
What is the highest common divisor of 20280 and 975?
195
Calculate the greatest common factor of 750 and 9474.
6
Calculate the greatest common factor of 26 and 491764.
26
Calculate the highest common factor of 51304 and 664.
8
Calculate the greatest common divisor of 6215 and 33220.
55
What is the highest common divisor of 390 and 428220?
390
Calculate the greatest common factor of 175 and 391275.
25
Calculate the highest common factor of 1137672 and 229.
229
What is the highest common factor of 27006186 and 138?
138
What is the greatest common divisor of 924 and 345660?
84
Calculate the highest common divisor of 3013 and 104144.
23
Calculate the greatest common factor of 2145346 and 2930.
586
What is the greatest common divisor of 16750 and 2546?
134
Calculate the highest common factor of 958016 and 40.
8
What is the greatest common divisor of 1602 and 34443?
801
Calculate the highest common factor of 684 and 33060.
228
What is the highest common factor of 2189 and 803?
11
Calculate the greatest common factor of 48552 and 484092.
1428
What is the highest common factor of 66 and 49115?
11
What is the highest common factor of 6588 and 14796?
108
Calculate the highest common factor of 134762 and 602.
86
What is the greatest common factor of 573 and 51761?
191
What is the highest common factor of 1564 and 4131?
17
What is the highest common factor of 107288 and 8?
8
What is the greatest common factor of 14634 and 3132?
54
What is the greatest common divisor of 50 and 373630?
10
What is the highest common divisor of 33 and 28402?
11
What is the greatest common factor of 26797 and 1477?
211
Calculate the greatest common divisor of 10100 and 75.
25
Calculate the highest common factor of 1782 and 29535.
33
Calculate the highest common divisor of 2492538 and 86.
86
Calculate the highest common factor of 38656 and 7168.
256
Calculate the highest common factor of 1092 and 134022.
42
What is the greatest common divisor of 26103 and 528?
33
What is the highest common divisor of 42160 and 820?
20
What is the greatest common divisor of 33 and 325578?
33
What is the highest common factor of 7230 and 1136556?
1446
Calculate the highest common factor of 7994 and 198137.
571
Calculate the highest common divisor of 3849 and 123.
3
What is the greatest common divisor of 217 and 39060?
217
What is the highest common divisor of 216 and 423684?
108
What is the highest common divisor of 1788206 and 1028?
514
What is the greatest common factor of 4249 and 1946?
7
Calculate the highest common factor of 19588 and 24236.
332
What is the greatest common factor of 707 and 12250?
7
Calculate the greatest common factor of 14059 and 119.
17
What is the greatest common divisor of 1810009 and 271?
271
What is the greatest common factor of 320347 and 10242?
569
Calculate the highest common divisor of 2618 and 1666.
238
What is the greatest common divisor of 12 and 12932?
4
Calculate the greatest common factor of 4403 and 7378.
119
What is the greatest common factor of 261 and 480501?
261
What is the greatest common factor of 1470 and 90503?
49
Calculate the highest common factor of 3374 and 5439.
7
Calculate the greatest common divisor of 7557 and 55.
11
Calculate the greatest common divisor of 144 and 711.
9
What is the greatest common factor of 3179 and 8789?
187
Calculate the greatest common factor of 168 and 2774472.
24
Calculate the highest common divisor of 816 and 2033574.
102
What is the greatest common factor of 166533 and 51?
3
What is the greatest common factor of 546 and 68887?
91
Calculate the highest common divisor of 1593 and 756.
27
What is the highest common divisor of 866 and 374545?
433
Calculate the highest common divisor of 32 and 1040432.
16
Calculate the highest common factor of 4870 and 2930.
10
Calculate the greatest common factor of 342448 and 153.
17
Calculate the highest common divisor of 377345 and 1630.
815
Calculate the highest common divisor of 1799984 and 209.
19
Calculate the highest common divisor of 656 and 8651.
41
What is the greatest common divisor of 3263 and 923?
13
Calculate the highest common factor of 126 and 1147272.
42
Calculate the greatest common divisor of 2462 and 146.
2
What is the greatest common factor of 2257692 and 48?
12
Calculate the highest common factor of 288995 and 805.
805
Calculate the greatest common factor of 288 and 37984.
32
Calculate the greatest common divisor of 18460 and 3905.
355
What is the greatest common divisor of 172 and 423937?
43
What is the highest common factor of 64 and 3404864?
64
What is the greatest common factor of 14656 and 320?
64
What is the greatest common divisor of 7830 and 44550?
270
Calculate the highest common divisor of 1071645 and 3.
3
What is the greatest common divisor of 42563 and 279?
31
Calculate the highest common divisor of 123376 and 528.
176
What is the highest common divisor of 15 and 1097097?
3
What is the greatest common factor of 81828 and 288?
36
Calculate the greatest common factor of 12034 and 1430.
22
What is the highest common divisor of 91449 and 81?
81
Calculate the highest common factor of 2912 and 2016.
224
What is the greatest common factor of 55 and 1421431?
11
Calculate the greatest common factor of 276 and 76084.
92
Calculate the highest common factor of 398151 and 144.
9
What is the greatest common divisor of 1435749 and 147?
147
What is the greatest common divisor of 938 and 1507366?
938
What is the highest common factor of 12570 and 60?
30
Calculate the highest common factor of 1620 and 8730.
90
What is the highest common factor of 14924 and 6097?
91
What is the greatest common divisor of 971 and 3583961?
971
Calculate the highest common divisor of 236541 and 111.
111
What is the highest common divisor of 11648 and 637?
91
Calculate the greatest common divisor of 38 and 1458.
2
Calculate the highest common factor of 574 and 4403.
7
Calculate the highest common divisor of 51847 and 695.
139
Calculate the greatest common divisor of 132 and 1699071.
33
What is the highest common factor of 106 and 226522?
106
Calculate the greatest common divisor of 68 and 4388.
4
Calculate the greatest common divisor of 60945 and 510.
255
What is the highest common factor of 2558 and 2?
2
Calculate the highest common divisor of 743270 and 385.
55
What is the highest common factor of 30972 and 65148?
1068
Calculate the highest common divisor of 994 and 139586.
142
What is the greatest common divisor of 320 and 689200?
80
Calculate the greatest common divisor of 3482230 and 940.
470
Calculate the highest common divisor of 211754 and 14176.
886
Calculate the highest common factor of 69504 and 912.
48
Calculate the highest common divisor of 20 and 275620.
20
What is the greatest common divisor of 957 and 2343?
33
Calculate the highest common factor of 20802 and 6.
6
What is the highest common divisor of 1385 and 1617403?
277
What is the greatest common factor of 29107750 and 1750?
1750
Calculate the highest common factor of 13200 and 8910.
330
What is the greatest common divisor of 71045 and 130?
65
What is the greatest common divisor of 9843082 and 122?
122
Calculate the greatest common factor of 4 and 160.
4
What is the greatest common factor of 11862 and 126?
18
What is the greatest common divisor of 36 and 2352?
12
Calculate the greatest common divisor of 96 and 234000.
48
Calculate the highest common divisor of 206796 and 76.
76
What is the greatest common factor of 938 and 298?
2
Calculate the greatest common divisor of 14 and 550928.
14
Calculate the highest common divisor of 2387 and 61039.
341
What is the greatest common divisor of 52 and 1034423?
13
What is the greatest common factor of 637 and 3577?
49
What is the greatest common divisor of 517 and 7029?
11
Calculate the greatest common factor of 108 and 37710.
18
Calculate the highest common factor of 7040 and 12364.
44
What is the highest common factor of 25600 and 19400?
200
What 